{"id":351,"date":"2018-07-05T05:09:54","date_gmt":"2018-07-05T05:09:54","guid":{"rendered":"http:\/\/web.albrecht-elektrotechnik.org\/?page_id=351"},"modified":"2021-03-22T08:20:28","modified_gmt":"2021-03-22T08:20:28","slug":"impressum","status":"publish","type":"page","link":"https:\/\/albrecht-elektrotechnik.de\/index.php\/impressum\/","title":{"rendered":"Impressum"},"content":{"rendered":"<p>[et_pb_section fb_built=&#8220;1&#8243; fullwidth=&#8220;on&#8220; _builder_version=&#8220;3.22&#8243;][et_pb_fullwidth_slider show_arrows=&#8220;off&#8220; show_pagination=&#8220;off&#8220; admin_label=&#8220;Headline PIC&#8220; _builder_version=&#8220;3.16&#8243; button_text_size__hover_enabled=&#8220;off&#8220; button_one_text_size__hover_enabled=&#8220;off&#8220; button_two_text_size__hover_enabled=&#8220;off&#8220; button_text_color__hover_enabled=&#8220;off&#8220; button_one_text_color__hover_enabled=&#8220;off&#8220; button_two_text_color__hover_enabled=&#8220;off&#8220; button_border_width__hover_enabled=&#8220;off&#8220; button_one_border_width__hover_enabled=&#8220;off&#8220; button_two_border_width__hover_enabled=&#8220;off&#8220; button_border_color__hover_enabled=&#8220;off&#8220; button_one_border_color__hover_enabled=&#8220;off&#8220; button_two_border_color__hover_enabled=&#8220;off&#8220; button_border_radius__hover_enabled=&#8220;off&#8220; button_one_border_radius__hover_enabled=&#8220;off&#8220; button_two_border_radius__hover_enabled=&#8220;off&#8220; button_letter_spacing__hover_enabled=&#8220;off&#8220; button_one_letter_spacing__hover_enabled=&#8220;off&#8220; button_two_letter_spacing__hover_enabled=&#8220;off&#8220; button_bg_color__hover_enabled=&#8220;off&#8220; button_one_bg_color__hover_enabled=&#8220;off&#8220; button_two_bg_color__hover_enabled=&#8220;off&#8220;][et_pb_slide heading=&#8220;Impressum&#8220; use_bg_overlay=&#8220;on&#8220; bg_overlay_color=&#8220;rgba(0,92,153,0.7)&#8220; use_text_overlay=&#8220;off&#8220; admin_title=&#8220;Headline&#8220; _builder_version=&#8220;3.16&#8243; header_font=&#8220;Open Sans|300|||||||&#8220; header_text_align=&#8220;center&#8220; header_font_size=&#8220;70&#8243; background_image=&#8220;https:\/\/albrecht-elektrotechnik.de\/wp-content\/uploads\/2018\/07\/Bild-Startseite-bearbeitet.jpg&#8220; parallax=&#8220;on&#8220; parallax_method=&#8220;off&#8220; button_on_hover=&#8220;on&#8220; header_font_size_tablet=&#8220;70&#8243; header_font_size_phone=&#8220;70&#8243; sticky_transition=&#8220;on&#8220; button_text_size__hover_enabled=&#8220;off&#8220; button_one_text_size__hover_enabled=&#8220;off&#8220; button_two_text_size__hover_enabled=&#8220;off&#8220; button_text_color__hover_enabled=&#8220;off&#8220; button_one_text_color__hover_enabled=&#8220;off&#8220; button_two_text_color__hover_enabled=&#8220;off&#8220; button_border_width__hover_enabled=&#8220;off&#8220; button_one_border_width__hover_enabled=&#8220;off&#8220; button_two_border_width__hover_enabled=&#8220;off&#8220; button_border_color__hover_enabled=&#8220;off&#8220; button_one_border_color__hover_enabled=&#8220;off&#8220; button_two_border_color__hover_enabled=&#8220;off&#8220; button_border_radius__hover_enabled=&#8220;off&#8220; button_one_border_radius__hover_enabled=&#8220;off&#8220; button_two_border_radius__hover_enabled=&#8220;off&#8220; button_letter_spacing__hover_enabled=&#8220;off&#8220; button_one_letter_spacing__hover_enabled=&#8220;off&#8220; button_two_letter_spacing__hover_enabled=&#8220;off&#8220; button_bg_color__hover_enabled=&#8220;off&#8220; button_one_bg_color__hover_enabled=&#8220;off&#8220; button_two_bg_color__hover_enabled=&#8220;off&#8220;][\/et_pb_slide][\/et_pb_fullwidth_slider][\/et_pb_section][et_pb_section fb_built=&#8220;1&#8243; _builder_version=&#8220;3.22&#8243;][et_pb_row _builder_version=&#8220;3.25&#8243;][et_pb_column type=&#8220;4_4&#8243; _builder_version=&#8220;3.25&#8243; custom_padding=&#8220;|||&#8220; custom_padding__hover=&#8220;|||&#8220;][et_pb_text _builder_version=&#8220;3.27.4&#8243;]<\/p>\n<h4>Angaben gem\u00e4\u00df \u00a7 5 TMG:<\/h4>\n<p>Albrecht Elektrotechnik GmbH<br \/>Im Engelfeld 10<br \/>87509 Immenstadt<\/p>\n<p><strong> Vertreten durch:<\/strong><br \/>Gesch\u00e4ftsf\u00fchrer: Josef Albrecht, Martin Albrecht<\/p>\n<p><strong>Kontakt:<\/strong><br \/>Telefon: +49 (0) 8323\/9651-0<br \/>Telefax: +49 (0) 8323\/9651-91<br \/>E-Mail: info@albrecht-elektrotechnik.de<\/p>\n<p><strong>Registereintrag:<\/strong><br \/>Eintragung im Handelsregister.<br \/>Handelsregister Abt. B des Amtsgerichts Kempten<br \/>Registernummer: HRB 4171<\/p>\n<p><strong>Umsatzsteuer:<\/strong><br \/>Umsatzsteuer-Identifikationsnummer gem\u00e4\u00df \u00a727 a Umsatzsteuergesetz:<br \/>DE 128 78 53 78<\/p>\n<p><strong>Streitschlichtung<\/strong><br \/>Die Europ\u00e4ische Kommission stellt eine Plattform zur Online- Streitbeilegung (OS) bereit: https:\/\/ec.europa.eu\/consumers\/odr .<br \/>Unsere E-Mail-Adresse finden Sie oben im Impressum.<\/p>\n<p>Wir sind nicht bereit oder verpflichtet, an Streitbeilegungsverfahren vor einer Verbraucherschlichtungsstelle teilzunehmen.<\/p>\n<p><span><strong>\u00a9 Copyright<br \/><\/strong><\/span><span>Alle Rechte vorbehalten. Text, Bilder und Grafiken sowie deren Anordnung auf der Website unterliegen dem Schutz des Urheberrechts und anderer Schutzgesetze. Der Inhalt dieser Websites darf nicht zu kommerziellen Zwecken kopiert, verbreitet, ver\u00e4ndert oder Dritten zug\u00e4nglich gemacht werden.<\/span><\/p>\n<p><span><strong>\u00a9 Copyright Bildquellen<br \/><\/strong><\/span>Albrecht Elektrotechnik GmbH<br \/>Fotolia I\u00a0<a href=\"https:\/\/de.fotolia.com\/p\/201206918\" class=\"ftl-tooltip-title\" title=\"Sehen Sie weitere Bilder von diesem Anbieter\">\u00a9 industrieblick<\/a><br \/>Fotolia I\u00a0<a href=\"https:\/\/de.fotolia.com\/p\/200973015\" class=\"ftl-tooltip-title\" title=\"Sehen Sie weitere Bilder von diesem Anbieter\">\u00a9 stockphoto-graf<br \/><\/a><span style=\"font-size: 16px;\">Fotolia I\u00a0<\/span><a href=\"https:\/\/de.fotolia.com\/p\/203161054\" class=\"ftl-tooltip-title\" title=\"Sehen Sie weitere Bilder von diesem Anbieter\" style=\"font-size: 16px;\">\u00a9 demerzel21<br \/><\/a><span style=\"font-size: 16px;\">Fotolia I\u00a0<a href=\"https:\/\/de.fotolia.com\/p\/205532614\" class=\"ftl-tooltip-title\" title=\"Sehen Sie weitere Bilder von diesem Anbieter\">\u00a9 Luis Echeverri Urrea<\/a><br \/><span>Fotolia I <a href=\"https:\/\/de.fotolia.com\/p\/201518821\" class=\"ftl-tooltip-title\" title=\"Sehen Sie weitere Bilder von diesem Anbieter\">\u00a9 viperagp<br \/><\/a><\/span><\/span><span style=\"font-size: 16px;\"><span>Fotolia I\u00a0<a href=\"https:\/\/de.fotolia.com\/p\/225440\" class=\"ftl-tooltip-title\" title=\"Sehen Sie weitere Bilder von diesem Anbieter\">\u00a9 dell<\/a><\/span><br \/><span>Fotolia I\u00a0<a href=\"https:\/\/de.fotolia.com\/p\/201830458\" class=\"ftl-tooltip-title\" title=\"Sehen Sie weitere Bilder von diesem Anbieter\">\u00a9 Image&#8217;in<\/a><\/span><br \/><span>Fotolia I\u00a0<a href=\"https:\/\/de.fotolia.com\/p\/200432727\" class=\"ftl-tooltip-title\" title=\"Sehen Sie weitere Bilder von diesem Anbieter\">\u00a9 Okea<\/a><br \/>Fotolia I\u00a0<a href=\"https:\/\/de.fotolia.com\/p\/200376593\" class=\"ftl-tooltip-title\" title=\"Sehen Sie weitere Bilder von diesem Anbieter\">\u00a9 Nataliya Hora<\/a><\/span><br \/><\/span><\/p>\n<p><strong><\/strong><\/p>\n<p><strong>Haftung f\u00fcr Inhalte<\/strong><br \/>Als Diensteanbieter sind wir gem\u00e4\u00df \u00a7 7 Abs.1 TMG f\u00fcr eigene Inhalte auf diesen Seiten nach den allgemeinen Gesetzen verantwortlich. Nach \u00a7\u00a7 8 bis 10 TMG sind wir als Diensteanbieter jedoch nicht verpflichtet, \u00fcbermittelte oder gespeicherte fremde Informationen zu \u00fcberwachen oder nach Umst\u00e4nden zu forschen, die auf eine rechtswidrige T\u00e4tigkeit hinweisen.<br \/>Verpflichtungen zur Entfernung oder Sperrung der Nutzung von Informationen nach den allgemeinen Gesetzen bleiben hiervon unber\u00fchrt. Eine diesbez\u00fcgliche Haftung ist jedoch erst ab dem Zeitpunkt der Kenntnis einer konkreten Rechtsverletzung m\u00f6glich. Bei Bekanntwerden von entsprechenden Rechtsverletzungen werden wir diese Inhalte umgehend entfernen.<\/p>\n<p><strong>Haftung f\u00fcr Links<\/strong><br \/>Unser Angebot enth\u00e4lt Links zu externen Websites Dritter, auf deren Inhalte wir keinen Einfluss haben. Deshalb k\u00f6nnen wir f\u00fcr diese fremden Inhalte auch keine Gew\u00e4hr \u00fcbernehmen. F\u00fcr die Inhalte der verlinkten Seiten ist stets der jeweilige Anbieter oder Betreiber der Seiten verantwortlich. Die verlinkten Seiten wurden zum Zeitpunkt der Verlinkung auf m\u00f6gliche Rechtsverst\u00f6\u00dfe \u00fcberpr\u00fcft. Rechtswidrige Inhalte waren zum Zeitpunkt der Verlinkung nicht erkennbar.<br \/>Eine permanente inhaltliche Kontrolle der verlinkten Seiten ist jedoch ohne konkrete Anhaltspunkte einer Rechtsverletzung nicht zumutbar. Bei Bekanntwerden von Rechtsverletzungen werden wir derartige Links umgehend entfernen.<\/p>\n<p><strong>Urheberrecht<\/strong><br \/>Die durch die Seitenbetreiber erstellten Inhalte und Werke auf diesen Seiten unterliegen dem deutschen Urheberrecht. Die Vervielf\u00e4ltigung, Bearbeitung, Verbreitung und jede Art der Verwertung au\u00dferhalb der Grenzen des Urheberrechtes bed\u00fcrfen der schriftlichen Zustimmung des jeweiligen Autors bzw. Erstellers. Downloads und Kopien dieser Seite sind nur f\u00fcr den privaten, nicht kommerziellen Gebrauch gestattet.<br \/>Soweit die Inhalte auf dieser Seite nicht vom Betreiber erstellt wurden, werden die Urheberrechte Dritter beachtet. Insbesondere werden Inhalte Dritter als solche gekennzeichnet. Sollten Sie trotzdem auf eine Urheberrechtsverletzung aufmerksam werden, bitten wir um einen entsprechenden Hinweis. Bei Bekanntwerden von Rechtsverletzungen werden wir derartige Inhalte umgehend entfernen.<\/p>\n<p>[\/et_pb_text][\/et_pb_column][\/et_pb_row][\/et_pb_section][et_pb_section fb_built=&#8220;1&#8243; fullwidth=&#8220;on&#8220; _builder_version=&#8220;3.22&#8243;][et_pb_fullwidth_slider show_arrows=&#8220;off&#8220; show_pagination=&#8220;off&#8220; admin_label=&#8220;FOOTER PIC&#8220; _builder_version=&#8220;3.16&#8243; background_image=&#8220;https:\/\/albrecht-elektrotechnik.de\/wp-content\/uploads\/2018\/05\/pic4.jpg&#8220; parallax=&#8220;on&#8220; button_text_size__hover_enabled=&#8220;off&#8220; button_one_text_size__hover_enabled=&#8220;off&#8220; button_two_text_size__hover_enabled=&#8220;off&#8220; button_text_color__hover_enabled=&#8220;off&#8220; button_one_text_color__hover_enabled=&#8220;off&#8220; button_two_text_color__hover_enabled=&#8220;off&#8220; button_border_width__hover_enabled=&#8220;off&#8220; button_one_border_width__hover_enabled=&#8220;off&#8220; button_two_border_width__hover_enabled=&#8220;off&#8220; button_border_color__hover_enabled=&#8220;off&#8220; button_one_border_color__hover_enabled=&#8220;off&#8220; button_two_border_color__hover_enabled=&#8220;off&#8220; button_border_radius__hover_enabled=&#8220;off&#8220; button_one_border_radius__hover_enabled=&#8220;off&#8220; button_two_border_radius__hover_enabled=&#8220;off&#8220; button_letter_spacing__hover_enabled=&#8220;off&#8220; button_one_letter_spacing__hover_enabled=&#8220;off&#8220; button_two_letter_spacing__hover_enabled=&#8220;off&#8220; button_bg_color__hover_enabled=&#8220;off&#8220; button_one_bg_color__hover_enabled=&#8220;off&#8220; button_two_bg_color__hover_enabled=&#8220;off&#8220;][et_pb_slide button_text=&#8220;KONTAKT AUFNEHMEN&#8220; use_bg_overlay=&#8220;on&#8220; bg_overlay_color=&#8220;rgba(0,0,0,0.5)&#8220; use_text_overlay=&#8220;off&#8220; admin_title=&#8220;BUTTON&#8220; _builder_version=&#8220;3.16&#8243; header_font=&#8220;Open Sans|300|||||||&#8220; header_text_align=&#8220;center&#8220; header_font_size=&#8220;70&#8243; custom_button=&#8220;on&#8220; button_text_color=&#8220;#ffffff&#8220; button_bg_color=&#8220;rgba(255,255,255,0)&#8220; button_border_color=&#8220;#ffffff&#8220; button_font=&#8220;Open Sans|||on|||||&#8220; button_use_icon=&#8220;off&#8220; button_alignment=&#8220;center&#8220; header_font_size_tablet=&#8220;70&#8243; header_font_size_phone=&#8220;70&#8243; button_text_color_hover=&#8220;#ffffff&#8220; button_border_color_hover=&#8220;#005c99&#8243; button_bg_color_hover=&#8220;#005c99&#8243; sticky_transition=&#8220;on&#8220; button_text_size__hover_enabled=&#8220;off&#8220; button_one_text_size__hover_enabled=&#8220;off&#8220; button_two_text_size__hover_enabled=&#8220;off&#8220; button_text_color__hover_enabled=&#8220;on&#8220; button_text_color__hover=&#8220;#ffffff&#8220; button_one_text_color__hover_enabled=&#8220;off&#8220; button_two_text_color__hover_enabled=&#8220;off&#8220; button_border_width__hover_enabled=&#8220;off&#8220; button_one_border_width__hover_enabled=&#8220;off&#8220; button_two_border_width__hover_enabled=&#8220;off&#8220; button_border_color__hover_enabled=&#8220;on&#8220; button_border_color__hover=&#8220;#005c99&#8243; button_one_border_color__hover_enabled=&#8220;off&#8220; button_two_border_color__hover_enabled=&#8220;off&#8220; button_border_radius__hover_enabled=&#8220;off&#8220; button_one_border_radius__hover_enabled=&#8220;off&#8220; button_two_border_radius__hover_enabled=&#8220;off&#8220; button_letter_spacing__hover_enabled=&#8220;off&#8220; button_one_letter_spacing__hover_enabled=&#8220;off&#8220; button_two_letter_spacing__hover_enabled=&#8220;off&#8220; button_bg_color__hover_enabled=&#8220;on&#8220; button_bg_color__hover=&#8220;#005c99&#8243; button_one_bg_color__hover_enabled=&#8220;off&#8220; button_two_bg_color__hover_enabled=&#8220;off&#8220;][\/et_pb_slide][\/et_pb_fullwidth_slider][\/et_pb_section][et_pb_section fb_built=&#8220;1&#8243; admin_label=&#8220;hintergrund&#8220; _builder_version=&#8220;3.21.3&#8243; background_color=&#8220;#005c99&#8243; background_image=&#8220;https:\/\/albrecht-elektrotechnik.de\/wp-content\/uploads\/2018\/05\/back_footer.png&#8220; background_position=&#8220;bottom_right&#8220; custom_padding=&#8220;0|0px|0|0px|false|false&#8220; z_index_tablet=&#8220;500&#8243; global_module=&#8220;98&#8243;][et_pb_row column_structure=&#8220;1_5,1_5,1_5,1_5,1_5&#8243; _builder_version=&#8220;3.25&#8243; custom_padding=&#8220;80px|0px|84px|0px|false|false&#8220;][et_pb_column type=&#8220;1_5&#8243; _builder_version=&#8220;3.0.47&#8243; custom_padding=&#8220;|||&#8220; custom_padding__hover=&#8220;|||&#8220;][et_pb_text admin_label=&#8220;Anschrift&#8220; _builder_version=&#8220;3.27.4&#8243; text_font=&#8220;Open Sans||||||||&#8220; text_text_color=&#8220;#ffffff&#8220; text_font_size=&#8220;14px&#8220; text_line_height=&#8220;1.6em&#8220;]<\/p>\n<p><strong>Albrecht Elektrotechnik GmbH<br \/><\/strong>Im Engelfeld 10<br \/>87509 Immenstadt<\/p>\n<p>Konrad-Zuse-Stra\u00dfe 1<br \/>87509 Immenstadt<\/p>\n<p><span style=\"color: #ffffff;\">Tel. \u00a0+49 8323 9651 0<\/span><br \/><span style=\"color: #ffffff;\"> Fax. +49 8323 9651 91<\/span><\/p>\n<p>[\/et_pb_text][\/et_pb_column][et_pb_column type=&#8220;1_5&#8243; _builder_version=&#8220;3.0.47&#8243; custom_padding=&#8220;|||&#8220; custom_padding__hover=&#8220;|||&#8220;][et_pb_text _builder_version=&#8220;4.8.1&#8243; text_text_color=&#8220;#ffffff&#8220; text_font_size=&#8220;14px&#8220; text_line_height=&#8220;1.6em&#8220; link_text_color=&#8220;#ffffff&#8220; z_index_tablet=&#8220;500&#8243;]<\/p>\n<p style=\"text-align: left;\"><a href=\"https:\/\/albrecht-elektrotechnik.de\/index.php\/karriere\/\">Karriere<\/a><\/p>\n<p style=\"text-align: left;\"><a href=\"https:\/\/albrecht-elektrotechnik.de\/index.php\/downloads\/\">Downloads<\/a><\/p>\n<p style=\"text-align: left;\"><a href=\"https:\/\/albrecht-elektrotechnik.de\/index.php\/impressum\/\">Impressum<\/a><\/p>\n<p style=\"text-align: left;\"><a href=\"https:\/\/albrecht-elektrotechnik.de\/wp-content\/uploads\/2020\/01\/AGB.pdf\" target=\"_blank\" rel=\"noopener noreferrer\">AGB<\/a><\/p>\n<p style=\"text-align: left;\"><a href=\"https:\/\/albrecht-elektrotechnik.de\/index.php\/datenschutz\/\">Datenschutz<\/a><\/p>\n<p>[\/et_pb_text][\/et_pb_column][et_pb_column type=&#8220;1_5&#8243; _builder_version=&#8220;3.0.47&#8243; custom_padding=&#8220;|||&#8220; custom_padding__hover=&#8220;|||&#8220;][et_pb_image src=&#8220;https:\/\/albrecht-elektrotechnik.de\/wp-content\/uploads\/2021\/01\/9001_14001_ger_tc_p.png&#8220; alt=&#8220;Dekra-Siegel&#8220; title_text=&#8220;Dekra-Siegel&#8220; align=&#8220;center&#8220; align_tablet=&#8220;center&#8220; align_phone=&#8220;&#8220; align_last_edited=&#8220;on|desktop&#8220; admin_label=&#8220;Zertifikat&#8220; _builder_version=&#8220;4.8.1&#8243; width=&#8220;80px&#8220;]<\/p>\n<p>&nbsp;<\/p>\n<p>[\/et_pb_image][\/et_pb_column][et_pb_column type=&#8220;1_5&#8243; _builder_version=&#8220;3.0.47&#8243; custom_padding=&#8220;|||&#8220; custom_padding__hover=&#8220;|||&#8220;][et_pb_image src=&#8220;https:\/\/albrecht-elektrotechnik.de\/wp-content\/uploads\/2019\/04\/Logo_EPLAN_4c_portrait.jpg&#8220; align_tablet=&#8220;center&#8220; align_phone=&#8220;&#8220; align_last_edited=&#8220;on|desktop&#8220; _builder_version=&#8220;3.23&#8243; max_width=&#8220;55px&#8220; z_index_tablet=&#8220;500&#8243;][\/et_pb_image][et_pb_image src=&#8220;https:\/\/albrecht-elektrotechnik.de\/wp-content\/uploads\/2019\/04\/ul_markshub_ul-c-us-r-listed-mark-2.png&#8220; align_tablet=&#8220;center&#8220; align_phone=&#8220;&#8220; align_last_edited=&#8220;on|desktop&#8220; disabled_on=&#8220;off|off|off&#8220; _builder_version=&#8220;3.26.6&#8243; max_width=&#8220;55px&#8220; z_index_tablet=&#8220;500&#8243;][\/et_pb_image][\/et_pb_column][et_pb_column type=&#8220;1_5&#8243; _builder_version=&#8220;3.26.6&#8243;][et_pb_social_media_follow _builder_version=&#8220;4.6.6&#8243; _module_preset=&#8220;default&#8220;][et_pb_social_media_follow_network social_network=&#8220;facebook&#8220; url=&#8220;https:\/\/www.facebook.com\/albrechtelektrotechnik\/&#8220; _builder_version=&#8220;4.6.6&#8243; _module_preset=&#8220;default&#8220; background_color=&#8220;#3b5998&#8243; follow_button=&#8220;off&#8220; url_new_window=&#8220;on&#8220;]facebook[\/et_pb_social_media_follow_network][et_pb_social_media_follow_network social_network=&#8220;linkedin&#8220; url=&#8220;https:\/\/www.linkedin.com\/company\/albrecht-elektrotechnik-gmbh&#8220; _builder_version=&#8220;4.6.6&#8243; _module_preset=&#8220;default&#8220; background_color=&#8220;#007bb6&#8243; follow_button=&#8220;off&#8220; url_new_window=&#8220;on&#8220;]linkedin[\/et_pb_social_media_follow_network][et_pb_social_media_follow_network social_network=&#8220;instagram&#8220; url=&#8220;https:\/\/www.instagram.com\/albrecht_elektrotechnik\/&#8220; _builder_version=&#8220;4.6.6&#8243; _module_preset=&#8220;default&#8220; background_color=&#8220;#ea2c59&#8243; follow_button=&#8220;off&#8220; url_new_window=&#8220;on&#8220;]instagram[\/et_pb_social_media_follow_network][\/et_pb_social_media_follow][\/et_pb_column][\/et_pb_row][\/et_pb_section]<\/p>\n","protected":false},"excerpt":{"rendered":"<p>Angaben gem\u00e4\u00df \u00a7 5 TMG: Albrecht Elektrotechnik GmbHIm Engelfeld 1087509 Immenstadt Vertreten durch:Gesch\u00e4ftsf\u00fchrer: Josef Albrecht, Martin Albrecht Kontakt:Telefon: +49 (0) 8323\/9651-0Telefax: +49 (0) 8323\/9651-91E-Mail: info@albrecht-elektrotechnik.de Registereintrag:Eintragung im Handelsregister.Handelsregister Abt. B des Amtsgerichts KemptenRegisternummer: HRB 4171 Umsatzsteuer:Umsatzsteuer-Identifikationsnummer gem\u00e4\u00df \u00a727 a Umsatzsteuergesetz:DE 128 78 53 78 StreitschlichtungDie Europ\u00e4ische Kommission stellt eine Plattform zur Online- Streitbeilegung (OS) bereit: [&hellip;]<\/p>\n","protected":false},"author":5,"featured_media":0,"parent":0,"menu_order":0,"comment_status":"closed","ping_status":"closed","template":"","meta":{"_et_pb_use_builder":"on","_et_pb_old_content":"","_et_gb_content_width":"","footnotes":""},"class_list":["post-351","page","type-page","status-publish","hentry"],"yoast_head":"<!-- This site is optimized with the Yoast SEO plugin v27.3 - https:\/\/yoast.com\/product\/yoast-seo-wordpress\/ -->\n<title>Impressum - Albrecht Elektrotechnik GmbH<\/title>\n<meta name=\"robots\" content=\"index, follow, max-snippet:-1, max-image-preview:large, max-video-preview:-1\" \/>\n<link rel=\"canonical\" href=\"https:\/\/albrecht-elektrotechnik.de\/index.php\/impressum\/\" \/>\n<meta property=\"og:locale\" content=\"de_DE\" \/>\n<meta property=\"og:type\" content=\"article\" \/>\n<meta property=\"og:title\" content=\"Impressum - Albrecht Elektrotechnik GmbH\" \/>\n<meta property=\"og:description\" content=\"Angaben gem\u00e4\u00df \u00a7 5 TMG: Albrecht Elektrotechnik GmbHIm Engelfeld 1087509 Immenstadt Vertreten durch:Gesch\u00e4ftsf\u00fchrer: Josef Albrecht, Martin Albrecht Kontakt:Telefon: +49 (0) 8323\/9651-0Telefax: +49 (0) 8323\/9651-91E-Mail: info@albrecht-elektrotechnik.de Registereintrag:Eintragung im Handelsregister.Handelsregister Abt. B des Amtsgerichts KemptenRegisternummer: HRB 4171 Umsatzsteuer:Umsatzsteuer-Identifikationsnummer gem\u00e4\u00df \u00a727 a Umsatzsteuergesetz:DE 128 78 53 78 StreitschlichtungDie Europ\u00e4ische Kommission stellt eine Plattform zur Online- Streitbeilegung (OS) bereit: [&hellip;]\" \/>\n<meta property=\"og:url\" content=\"https:\/\/albrecht-elektrotechnik.de\/index.php\/impressum\/\" \/>\n<meta property=\"og:site_name\" content=\"Albrecht Elektrotechnik GmbH\" \/>\n<meta property=\"article:publisher\" content=\"https:\/\/www.facebook.com\/albrechtelektrotechnik\/\" \/>\n<meta property=\"article:modified_time\" content=\"2021-03-22T08:20:28+00:00\" \/>\n<meta name=\"twitter:card\" content=\"summary_large_image\" \/>\n<meta name=\"twitter:label1\" content=\"Gesch\u00e4tzte Lesezeit\" \/>\n\t<meta name=\"twitter:data1\" content=\"9\u00a0Minuten\" \/>\n<script type=\"application\/ld+json\" class=\"yoast-schema-graph\">{\"@context\":\"https:\\\/\\\/schema.org\",\"@graph\":[{\"@type\":\"WebPage\",\"@id\":\"https:\\\/\\\/albrecht-elektrotechnik.de\\\/index.php\\\/impressum\\\/\",\"url\":\"https:\\\/\\\/albrecht-elektrotechnik.de\\\/index.php\\\/impressum\\\/\",\"name\":\"Impressum - Albrecht Elektrotechnik GmbH\",\"isPartOf\":{\"@id\":\"https:\\\/\\\/albrecht-elektrotechnik.de\\\/#website\"},\"datePublished\":\"2018-07-05T05:09:54+00:00\",\"dateModified\":\"2021-03-22T08:20:28+00:00\",\"breadcrumb\":{\"@id\":\"https:\\\/\\\/albrecht-elektrotechnik.de\\\/index.php\\\/impressum\\\/#breadcrumb\"},\"inLanguage\":\"de\",\"potentialAction\":[{\"@type\":\"ReadAction\",\"target\":[\"https:\\\/\\\/albrecht-elektrotechnik.de\\\/index.php\\\/impressum\\\/\"]}]},{\"@type\":\"BreadcrumbList\",\"@id\":\"https:\\\/\\\/albrecht-elektrotechnik.de\\\/index.php\\\/impressum\\\/#breadcrumb\",\"itemListElement\":[{\"@type\":\"ListItem\",\"position\":1,\"name\":\"Startseite\",\"item\":\"https:\\\/\\\/albrecht-elektrotechnik.de\\\/\"},{\"@type\":\"ListItem\",\"position\":2,\"name\":\"Impressum\"}]},{\"@type\":\"WebSite\",\"@id\":\"https:\\\/\\\/albrecht-elektrotechnik.de\\\/#website\",\"url\":\"https:\\\/\\\/albrecht-elektrotechnik.de\\\/\",\"name\":\"Albrecht Elektrotechnik GmbH\",\"description\":\"Elektrotechnik und Maschinenbau unter einem Dach\",\"potentialAction\":[{\"@type\":\"SearchAction\",\"target\":{\"@type\":\"EntryPoint\",\"urlTemplate\":\"https:\\\/\\\/albrecht-elektrotechnik.de\\\/?s={search_term_string}\"},\"query-input\":{\"@type\":\"PropertyValueSpecification\",\"valueRequired\":true,\"valueName\":\"search_term_string\"}}],\"inLanguage\":\"de\"}]}<\/script>\n<!-- \/ Yoast SEO plugin. -->","yoast_head_json":{"title":"Impressum - Albrecht Elektrotechnik GmbH","robots":{"index":"index","follow":"follow","max-snippet":"max-snippet:-1","max-image-preview":"max-image-preview:large","max-video-preview":"max-video-preview:-1"},"canonical":"https:\/\/albrecht-elektrotechnik.de\/index.php\/impressum\/","og_locale":"de_DE","og_type":"article","og_title":"Impressum - Albrecht Elektrotechnik GmbH","og_description":"Angaben gem\u00e4\u00df \u00a7 5 TMG: Albrecht Elektrotechnik GmbHIm Engelfeld 1087509 Immenstadt Vertreten durch:Gesch\u00e4ftsf\u00fchrer: Josef Albrecht, Martin Albrecht Kontakt:Telefon: +49 (0) 8323\/9651-0Telefax: +49 (0) 8323\/9651-91E-Mail: info@albrecht-elektrotechnik.de Registereintrag:Eintragung im Handelsregister.Handelsregister Abt. B des Amtsgerichts KemptenRegisternummer: HRB 4171 Umsatzsteuer:Umsatzsteuer-Identifikationsnummer gem\u00e4\u00df \u00a727 a Umsatzsteuergesetz:DE 128 78 53 78 StreitschlichtungDie Europ\u00e4ische Kommission stellt eine Plattform zur Online- Streitbeilegung (OS) bereit: [&hellip;]","og_url":"https:\/\/albrecht-elektrotechnik.de\/index.php\/impressum\/","og_site_name":"Albrecht Elektrotechnik GmbH","article_publisher":"https:\/\/www.facebook.com\/albrechtelektrotechnik\/","article_modified_time":"2021-03-22T08:20:28+00:00","twitter_card":"summary_large_image","twitter_misc":{"Gesch\u00e4tzte Lesezeit":"9\u00a0Minuten"},"schema":{"@context":"https:\/\/schema.org","@graph":[{"@type":"WebPage","@id":"https:\/\/albrecht-elektrotechnik.de\/index.php\/impressum\/","url":"https:\/\/albrecht-elektrotechnik.de\/index.php\/impressum\/","name":"Impressum - Albrecht Elektrotechnik GmbH","isPartOf":{"@id":"https:\/\/albrecht-elektrotechnik.de\/#website"},"datePublished":"2018-07-05T05:09:54+00:00","dateModified":"2021-03-22T08:20:28+00:00","breadcrumb":{"@id":"https:\/\/albrecht-elektrotechnik.de\/index.php\/impressum\/#breadcrumb"},"inLanguage":"de","potentialAction":[{"@type":"ReadAction","target":["https:\/\/albrecht-elektrotechnik.de\/index.php\/impressum\/"]}]},{"@type":"BreadcrumbList","@id":"https:\/\/albrecht-elektrotechnik.de\/index.php\/impressum\/#breadcrumb","itemListElement":[{"@type":"ListItem","position":1,"name":"Startseite","item":"https:\/\/albrecht-elektrotechnik.de\/"},{"@type":"ListItem","position":2,"name":"Impressum"}]},{"@type":"WebSite","@id":"https:\/\/albrecht-elektrotechnik.de\/#website","url":"https:\/\/albrecht-elektrotechnik.de\/","name":"Albrecht Elektrotechnik GmbH","description":"Elektrotechnik und Maschinenbau unter einem Dach","potentialAction":[{"@type":"SearchAction","target":{"@type":"EntryPoint","urlTemplate":"https:\/\/albrecht-elektrotechnik.de\/?s={search_term_string}"},"query-input":{"@type":"PropertyValueSpecification","valueRequired":true,"valueName":"search_term_string"}}],"inLanguage":"de"}]}},"_links":{"self":[{"href":"https:\/\/albrecht-elektrotechnik.de\/index.php\/wp-json\/wp\/v2\/pages\/351","targetHints":{"allow":["GET"]}}],"collection":[{"href":"https:\/\/albrecht-elektrotechnik.de\/index.php\/wp-json\/wp\/v2\/pages"}],"about":[{"href":"https:\/\/albrecht-elektrotechnik.de\/index.php\/wp-json\/wp\/v2\/types\/page"}],"author":[{"embeddable":true,"href":"https:\/\/albrecht-elektrotechnik.de\/index.php\/wp-json\/wp\/v2\/users\/5"}],"replies":[{"embeddable":true,"href":"https:\/\/albrecht-elektrotechnik.de\/index.php\/wp-json\/wp\/v2\/comments?post=351"}],"version-history":[{"count":0,"href":"https:\/\/albrecht-elektrotechnik.de\/index.php\/wp-json\/wp\/v2\/pages\/351\/revisions"}],"wp:attachment":[{"href":"https:\/\/albrecht-elektrotechnik.de\/index.php\/wp-json\/wp\/v2\/media?parent=351"}],"curies":[{"name":"wp","href":"https:\/\/api.w.org\/{rel}","templated":true}]}}